[INFO] fetching crate utmp 0.0.2...
[INFO] checking utmp-0.0.2 against master#e6e4f7ed1589e03bc2f6c5931c1a72e7947e8682 for beta-170-4
[INFO] extracting crate utmp 0.0.2 into /workspace/builds/worker-1-tc2/source
[INFO] validating manifest of crates.io crate utmp 0.0.2 on toolchain e6e4f7ed1589e03bc2f6c5931c1a72e7947e8682
[INFO] running `Command { std: CARGO_HOME="/workspace/cargo-home" RUSTUP_HOME="/workspace/rustup-home" "/workspace/cargo-home/bin/cargo" "+e6e4f7ed1589e03bc2f6c5931c1a72e7947e8682" "metadata" "--manifest-path" "Cargo.toml" "--no-deps", kill_on_drop: false }`
[INFO] started tweaking crates.io crate utmp 0.0.2
[INFO] finished tweaking crates.io crate utmp 0.0.2
[INFO] tweaked toml for crates.io crate utmp 0.0.2 written to /workspace/builds/worker-1-tc2/source/Cargo.toml
[INFO] running `Command { std: CARGO_HOME="/workspace/cargo-home" RUSTUP_HOME="/workspace/rustup-home" __CARGO_TEST_CHANNEL_OVERRIDE_DO_NOT_USE_THIS="nightly" "/workspace/cargo-home/bin/cargo" "+e6e4f7ed1589e03bc2f6c5931c1a72e7947e8682" "generate-lockfile" "--manifest-path" "Cargo.toml" "-Zno-index-update", kill_on_drop: false }`
[INFO] running `Command { std: CARGO_HOME="/workspace/cargo-home" RUSTUP_HOME="/workspace/rustup-home" "/workspace/cargo-home/bin/cargo" "+e6e4f7ed1589e03bc2f6c5931c1a72e7947e8682" "fetch" "--manifest-path" "Cargo.toml", kill_on_drop: false }`
[INFO] running `Command { std: "docker" "create" "-v" "/var/lib/crater-agent-workspace/builds/worker-1-tc2/target:/opt/rustwide/target:rw,Z" "-v" "/var/lib/crater-agent-workspace/builds/worker-1-tc2/source:/opt/rustwide/workdir:ro,Z" "-v" "/var/lib/crater-agent-workspace/cargo-home:/opt/rustwide/cargo-home:ro,Z" "-v" "/var/lib/crater-agent-workspace/rustup-home:/opt/rustwide/rustup-home:ro,Z" "-e" "SOURCE_DIR=/opt/rustwide/workdir" "-e" "CARGO_TARGET_DIR=/opt/rustwide/target" "-e" "CARGO_HOME=/opt/rustwide/cargo-home" "-e" "RUSTUP_HOME=/opt/rustwide/rustup-home" "-w" "/opt/rustwide/workdir" "-m" "1610612736" "--user" "0:0" "--network" "none" "ghcr.io/rust-lang/crates-build-env/linux@sha256:19e73879b68f455e41552ea35293514db52ea292d993f571636dbffedb77a1ee" "/opt/rustwide/cargo-home/bin/cargo" "+e6e4f7ed1589e03bc2f6c5931c1a72e7947e8682" "metadata" "--no-deps" "--format-version=1", kill_on_drop: false }`
[INFO] [stdout] 2bdc0e99b1d18dea8eb1772cf372f188c15e548284e0b4368cecc43e557182d5
[INFO] running `Command { std: "docker" "start" "-a" "2bdc0e99b1d18dea8eb1772cf372f188c15e548284e0b4368cecc43e557182d5", kill_on_drop: false }`
[INFO] running `Command { std: "docker" "inspect" "2bdc0e99b1d18dea8eb1772cf372f188c15e548284e0b4368cecc43e557182d5", kill_on_drop: false }`
[INFO] running `Command { std: "docker" "rm" "-f" "2bdc0e99b1d18dea8eb1772cf372f188c15e548284e0b4368cecc43e557182d5", kill_on_drop: false }`
[INFO] [stdout] 2bdc0e99b1d18dea8eb1772cf372f188c15e548284e0b4368cecc43e557182d5
[INFO] running `Command { std: "docker" "create" "-v" "/var/lib/crater-agent-workspace/builds/worker-1-tc2/target:/opt/rustwide/target:rw,Z" "-v" "/var/lib/crater-agent-workspace/builds/worker-1-tc2/source:/opt/rustwide/workdir:ro,Z" "-v" "/var/lib/crater-agent-workspace/cargo-home:/opt/rustwide/cargo-home:ro,Z" "-v" "/var/lib/crater-agent-workspace/rustup-home:/opt/rustwide/rustup-home:ro,Z" "-e" "SOURCE_DIR=/opt/rustwide/workdir" "-e" "CARGO_TARGET_DIR=/opt/rustwide/target" "-e" "CARGO_INCREMENTAL=0" "-e" "RUST_BACKTRACE=full" "-e" "RUSTFLAGS=--cap-lints=forbid" "-e" "RUSTDOCFLAGS=--cap-lints=forbid" "-e" "CARGO_HOME=/opt/rustwide/cargo-home" "-e" "RUSTUP_HOME=/opt/rustwide/rustup-home" "-w" "/opt/rustwide/workdir" "-m" "1610612736" "--user" "0:0" "--network" "none" "ghcr.io/rust-lang/crates-build-env/linux@sha256:19e73879b68f455e41552ea35293514db52ea292d993f571636dbffedb77a1ee" "/opt/rustwide/cargo-home/bin/cargo" "+e6e4f7ed1589e03bc2f6c5931c1a72e7947e8682" "check" "--frozen" "--all" "--all-targets" "--message-format=json", kill_on_drop: false }`
[INFO] [stdout] e92e3aa3e0a21db1291a1cc2fe7841d94b9a1a37a50ec87712361ad0a0a6acc6
[INFO] running `Command { std: "docker" "start" "-a" "e92e3aa3e0a21db1291a1cc2fe7841d94b9a1a37a50ec87712361ad0a0a6acc6", kill_on_drop: false }`
[INFO] [stderr]     Checking time-core v0.1.1
[INFO] [stderr]     Checking time v0.3.21
[INFO] [stderr]     Checking utmp v0.0.2 (/opt/rustwide/workdir)
[INFO] [stdout] error[E0432]: unresolved import `time::Timespec`
[INFO] [stdout]  --> src/lib.rs:3:5
[INFO] [stdout]   |
[INFO] [stdout] 3 | use time::Timespec;
[INFO] [stdout]   |     ^^^^^^^^^^^^^^ no `Timespec` in the root
[INFO] [stdout] 
[INFO] [stdout] 
[INFO] [stdout] error[E0432]: unresolved import `time::Timespec`
[INFO] [stdout]  --> src/lib.rs:3:5
[INFO] [stdout]   |
[INFO] [stdout] 3 | use time::Timespec;
[INFO] [stdout]   |     ^^^^^^^^^^^^^^ no `Timespec` in the root
[INFO] [stdout] 
[INFO] [stdout] 
[INFO] [stdout] error[E0432]: unresolved imports `std::io::File`, `std::io::SeekStyle`
[INFO] [stdout]  --> src/lib.rs:4:15
[INFO] [stdout]   |
[INFO] [stdout] 4 | use std::io::{File, SeekStyle};
[INFO] [stdout]   |               ^^^^  ^^^^^^^^^ no `SeekStyle` in `io`
[INFO] [stdout]   |               |
[INFO] [stdout]   |               no `File` in `io`
[INFO] [stdout]   |
[INFO] [stdout]   = help: consider importing this struct instead:
[INFO] [stdout]           std::fs::File
[INFO] [stdout] 
[INFO] [stdout] 
[INFO] [stdout] error[E0432]: unresolved imports `std::io::File`, `std::io::SeekStyle`
[INFO] [stdout]  --> src/lib.rs:4:15
[INFO] [stdout]   |
[INFO] [stdout] 4 | use std::io::{File, SeekStyle};
[INFO] [stdout]   |               ^^^^  ^^^^^^^^^ no `SeekStyle` in `io`
[INFO] [stdout]   |               |
[INFO] [stdout]   |               no `File` in `io`
[INFO] [stdout]   |
[INFO] [stdout]   = help: consider importing this struct instead:
[INFO] [stdout]           std::fs::File
[INFO] [stdout] 
[INFO] [stdout] 
[INFO] [stdout] error[E0432]: unresolved import `std::num::FromPrimitive`
[INFO] [stdout]  --> src/lib.rs:5:5
[INFO] [stdout]   |
[INFO] [stdout] 5 | use std::num::FromPrimitive;
[INFO] [stdout]   |     ^^^^^^^^^^^^^^^^^^^^^^^ no `FromPrimitive` in `num`
[INFO] [stdout] 
[INFO] [stdout] 
[INFO] [stdout] error[E0432]: unresolved import `std::num::FromPrimitive`
[INFO] [stdout]  --> src/lib.rs:5:5
[INFO] [stdout]   |
[INFO] [stdout] 5 | use std::num::FromPrimitive;
[INFO] [stdout]   |     ^^^^^^^^^^^^^^^^^^^^^^^ no `FromPrimitive` in `num`
[INFO] [stdout] 
[INFO] [stdout] 
[INFO] [stdout] error: cannot determine resolution for the derive macro `FromPrimitive`
[INFO] [stdout]  --> src/lib.rs:7:10
[INFO] [stdout]   |
[INFO] [stdout] 7 | #[derive(FromPrimitive)]
[INFO] [stdout]   |          ^^^^^^^^^^^^^
[INFO] [stdout]   |
[INFO] [stdout]   = note: import resolution is stuck, try simplifying macro imports
[INFO] [stdout] 
[INFO] [stdout] 
[INFO] [stdout] error: cannot determine resolution for the derive macro `FromPrimitive`
[INFO] [stdout]  --> src/lib.rs:7:10
[INFO] [stdout]   |
[INFO] [stdout] 7 | #[derive(FromPrimitive)]
[INFO] [stdout]   |          ^^^^^^^^^^^^^
[INFO] [stdout]   |
[INFO] [stdout]   = note: import resolution is stuck, try simplifying macro imports
[INFO] [stdout] 
[INFO] [stdout] 
[INFO] [stdout] error[E0433]: failed to resolve: use of undeclared type `Path`
[INFO] [stdout]   --> src/lib.rs:36:16
[INFO] [stdout]    |
[INFO] [stdout] 36 |     let path = Path::new("/var/run/utmpx");
[INFO] [stdout]    |                ^^^^ use of undeclared type `Path`
[INFO] [stdout]    |
[INFO] [stdout] help: consider importing this struct
[INFO] [stdout]    |
[INFO] [stdout] 3  + use std::path::Path;
[INFO] [stdout]    |
[INFO] [stdout] 
[INFO] [stdout] 
[INFO] [stdout] error[E0433]: failed to resolve: use of undeclared type `Path`
[INFO] [stdout]   --> src/lib.rs:36:16
[INFO] [stdout]    |
[INFO] [stdout] 36 |     let path = Path::new("/var/run/utmpx");
[INFO] [stdout]    |                ^^^^ use of undeclared type `Path`
[INFO] [stdout]    |
[INFO] [stdout] help: consider importing this struct
[INFO] [stdout]    |
[INFO] [stdout] 3  + use std::path::Path;
[INFO] [stdout]    |
[INFO] [stdout] 
[INFO] [stdout] 
[INFO] [stdout] error[E0277]: the trait bound `UtmpxRecordType: Clone` is not satisfied
[INFO] [stdout]   --> src/lib.rs:23:15
[INFO] [stdout]    |
[INFO] [stdout] 23 | impl Copy for UtmpxRecordType { }
[INFO] [stdout]    |               ^^^^^^^^^^^^^^^ the trait `Clone` is not implemented for `UtmpxRecordType`
[INFO] [stdout]    |
[INFO] [stdout] note: required by a bound in `Copy`
[INFO] [stdout]   --> /rustc/e6e4f7ed1589e03bc2f6c5931c1a72e7947e8682/library/core/src/marker.rs:450:1
[INFO] [stdout] help: consider annotating `UtmpxRecordType` with `#[derive(Clone)]`
[INFO] [stdout]    |
[INFO] [stdout] 8  + #[derive(Clone)]
[INFO] [stdout] 9  | pub enum UtmpxRecordType {
[INFO] [stdout]    |
[INFO] [stdout] 
[INFO] [stdout] 
[INFO] [stdout] error: aborting due to 6 previous errors
[INFO] [stdout] 
[INFO] [stdout] 
[INFO] [stdout] Some errors have detailed explanations: E0277, E0432, E0433.
[INFO] [stdout] 
[INFO] [stdout] For more information about an error, try `rustc --explain E0277`.
[INFO] [stdout] 
[INFO] [stdout] error[E0277]: the trait bound `UtmpxRecordType: Clone` is not satisfied
[INFO] [stdout]   --> src/lib.rs:23:15
[INFO] [stdout]    |
[INFO] [stdout] 23 | impl Copy for UtmpxRecordType { }
[INFO] [stdout]    |               ^^^^^^^^^^^^^^^ the trait `Clone` is not implemented for `UtmpxRecordType`
[INFO] [stdout]    |
[INFO] [stdout] note: required by a bound in `Copy`
[INFO] [stdout]   --> /rustc/e6e4f7ed1589e03bc2f6c5931c1a72e7947e8682/library/core/src/marker.rs:450:1
[INFO] [stdout] help: consider annotating `UtmpxRecordType` with `#[derive(Clone)]`
[INFO] [stdout]    |
[INFO] [stdout] 8  + #[derive(Clone)]
[INFO] [stdout] 9  | pub enum UtmpxRecordType {
[INFO] [stdout]    |
[INFO] [stdout] 
[INFO] [stdout] 
[INFO] [stdout] error: aborting due to 6 previous errors
[INFO] [stdout] 
[INFO] [stdout] 
[INFO] [stdout] Some errors have detailed explanations: E0277, E0432, E0433.
[INFO] [stdout] 
[INFO] [stdout] For more information about an error, try `rustc --explain E0277`.
[INFO] [stdout] 
[INFO] [stderr] error: could not compile `utmp` (lib) due to 7 previous errors
[INFO] [stderr] warning: build failed, waiting for other jobs to finish...
[INFO] [stderr] error: could not compile `utmp` (lib test) due to 7 previous errors
[INFO] running `Command { std: "docker" "inspect" "e92e3aa3e0a21db1291a1cc2fe7841d94b9a1a37a50ec87712361ad0a0a6acc6", kill_on_drop: false }`
[INFO] running `Command { std: "docker" "rm" "-f" "e92e3aa3e0a21db1291a1cc2fe7841d94b9a1a37a50ec87712361ad0a0a6acc6", kill_on_drop: false }`
[INFO] [stdout] e92e3aa3e0a21db1291a1cc2fe7841d94b9a1a37a50ec87712361ad0a0a6acc6
